digit of d?
5
Suppose 28 = 5*h - 3*m, -m - 2*m = 5*h - 22. Suppose 352 = h*f + 2*x, 4*f - 30 = -3*x + 253. What is the units digit of f?
0
Let r(a) = 2 - 64*a + 128*a - 10*a. What is the units digit of r(1)?
6
Let y be (-4 + 3)/(3/(-27)). Suppose 0*s = -y*s + 585. What is the units digit of s?
5
Suppose 0*h - 17 = 3*h - 5*x, -x = 5*h - 9. Let w be (2*-9)/(-3) - h. Suppose -5 = -w*s - 0. What is the units digit of s?
1
Let q(b) = -198*b**2 + 1. Let j be q(1). Let z = -24 - j. What is the hundreds digit of z?
1
Suppose 4*c - 11 - 19 = 5*t, t + 17 = 3*c. Let g(w) = -30*w + 4. What is the units digit of g(t)?
4
Let g(b) = -2236*b + 64. Let u(h) = -344*h + 10. Let s(f) = 5*g(f) - 32*u(f). What is the tens digit of s(-1)?
7
Let w(q) = -90*q + 49. What is the units digit of w(-29)?
9
What is the units digit of (-2786)/3*(-120)/140?
6
Suppose 3*m = 5*m - 3*s - 225, -2*m + 5*s + 235 = 0. What is the tens digit of m?
0
Let z(i) = 4*i**3 + 2*i**2 - 2*i. Let a be z(-2). Let m = -19 - a. What is the units digit of m?
1
Suppose 3*w = -2*f + 3*f - 8, -3 = -2*w - f. What is the units digit of 2/2 + (-5)/w?
6
What is the tens digit of (-105)/28*(-96)/9?
4
Let l(z) = 127*z**2 + 10*z + 16. What is the units digit of l(-2)?
4
Suppose -2*d - 8*u + 10 = -5*u, 6 = -3*u. Let w(q) = 27*q - 54. What is the hundreds digit of w(d)?
1
Suppose -3*q = r - 10, -2*r - 2*q + 20 = -4*q. Suppose -2*k - 60 = -22. What is the tens digit of (k/2)/(r/(-20))?
1
Let v(a) = 3*a**2 + 1. Let n be ((-30)/(-45))/(4/(-6)). Let h be v(n). Suppose 6 + 2 = q + 3*m, -4*q + h*m = -80. What is the units digit of q?
7
Suppose -4*y = -2*x + 2926, x + 54 = y + 1513. What is the units digit of x?
5
Suppose -4*l + 1453 = 2*y - 1739, 3*y - 3*l = 4806. What is the thousands digit of y?
1
Suppose -34*o = -35*o - g + 829, o + 2*g = 832. What is the tens digit of o?
2
Let x = -28 - -95. Suppose 93 = s - x. What is the units digit of s?
0
Let v = 9 - -1. Suppose 5*b = v*b - 50. Suppose -y + b = -2. What is the units digit of y?
2
Suppose 0 = 25*p - 7*p - 21384. What is the units digit of p?
8
Let u(i) = 2*i - 5. Let b be u(5). Let m = 8 - b. Suppose 3*v - 3*f - 75 = 0, 2 = m*f - 4*f. What is the units digit of v?
3
Suppose -d - 2 = -3. Let i(w) = -w**2 + 20*w + 7. Let v be i(19). Let s = d + v. What is the tens digit of s?
2
Suppose -11*b = -2837 + 230. What is the units digit of b?
7
Suppose 0 = -3*r - 12*r + 14475. What is the hundreds digit of r?
9
Let u(q) = -q**3 - 9*q**2 - 8*q + 2. Let x be u(-8). What is the tens digit of (17/34)/(x - 523/262)?
3
Suppose 0 = 2*f - 5*n - 6212, 1199 = -3*f + 5*n + 10517. What is the tens digit of f?
0
Suppose -9042 = -30*o + 1128. What is the hundreds digit of o?
3
What is the thousands digit of (-69580)/(-30) + 6/9?
2
Suppose 0 = -2*j + 2, -2*j = v + j - 22. Suppose -4*a + 73 = p, p + v = a + 2*p. Suppose 4*k - a = -2. What is the units digit of k?
4
Let z(a) = -a**2 - 13*a - 6*a + 12 + 3*a + 3*a. Let l = 14 - 23. What is the tens digit of z(l)?
4
Suppose -1000 = 5*d + 5*x, 0*d + 372 = -2*d + 5*x. Let p be 4/(-24) + d/(-24). What is the tens digit of 0 - 12*p/(-6)?
1
Let p(a) = -a**3 + 8*a**2 + 2. Let m(u) = -u - 3. Let v be m(-11). Let i be p(v). Suppose -i*c + 110 = -0*c. What is the units digit of c?
5
Suppose 5*w + 4*m - 13944 = 0, 4*w - 9*m + 4*m - 11147 = 0. What is the hundreds digit of w?
7
Let k(i) = 2*i + 18. Let q be k(-8). Suppose -q*g = -44 - 24. What is the units digit of g?
4
Suppose 0 = c - 3*k - 65, c - 3*k = -k + 68. Let s = 129 - c. What is the tens digit of s?
5
Let u = 1 + -1. Let v(f) = 19*f + 186. Let j be v(-9). Let m = j + u. What is the tens digit of m?
1
Let b = -21 + 13. Let v = 28 - b. What is the units digit of v?
6
Let l be (7 + -5)*-1 - -4. Suppose 0 = -l*b + 6, 2*c - 3*b = -c + 33. What is the tens digit of c?
1
Let m = -14 - -410. What is the tens digit of m?
9
Let y = 691 + -460. What is the units digit of y?
1
Let i(b) = 3*b**2 - 28*b + 28. Let j be i(12). Suppose 5*w - 460 = 5*g, 3*w = 4*g + j + 149. What is the tens digit of w?
9
Suppose k + 5*v - 67 = -7, -5*v = 5. Let s = -22 + k. What is the tens digit of s?
4
Let n = 42 - 60. Let u be (-4)/3*n/12. What is the units digit of (-1)/(u*1/(-14))?
7
Let q = -374 - -1514. What is the thousands digit of q?
1
Let f(n) = -n**3 + 7*n**2 + 6. Let k be f(7). What is the units digit of 1462/k - 7*6/63?
3
Suppose -2*b - 3 = -3*b. Suppose 4*l = -l + 3*t + 17, -2*l = b*t - 11. Suppose -l*w = -8, -k + 3*w - 5*w + 20 = 0. What is the units digit of k?
6
Let r(w) = 2*w - 2. Let p be r(2). Suppose 0 = p*o + 3*o - 155. What is the units digit of o?
1
What is the hundreds digit of (1 - 17/2*-112) + -3?
9
Suppose -3*a = -n + 77, -4*n = -3*a + 4*a + 17. Let v(u) = -u**3 - 23*u**2 + 43*u + 28. What is the units digit of v(a)?
3
Suppose 7*i - 34 = -13. Suppose -3*f + v = -i*v - 190, 2*f = -3*v + 155. What is the units digit of f?
0
Suppose 185*m - 232*m + 152233 = 0. What is the tens digit of m?
3
Let v(y) be the third derivative of 11*y**6/120 + y**5/15 - 5*y**4/24 + y**3/6 + y**2 - 37. What is the tens digit of v(2)?
9
Suppose 527 = 5*w - 793. What is the tens digit of w?
6
What is the hundreds digit of (8 + 8 + -17)*-867?
8
Suppose -i = 11*a - 9*a - 2139, 4313 = 4*a - 5*i. What is the thousands digit of a?
1
Suppose 4*k - 1229 = 4*i + 387, -3*i + k = 1222. Let n = i - -695. What is the hundreds digit of n?
2
Let a = -846 - -1289. What is the hundreds digit of a?
4
Suppose -9*t + 14*t = 10. Suppose -4*k = -t*b + 28, -42 = -2*b - 3*b + 3*k. Suppose -5*f + b*f = 7. What is the units digit of f?
7
Suppose -n = -5*u + n + 42, 4*u - 48 = -2*n. Suppose -76 = z + 3*z - f, 0 = 3*z - f + 56. What is the tens digit of 534/u - 12/z?
5
Let n(y) = 6*y**2 - 4*y**2 - 19 + 7*y - 3*y**2 + 4*y. Let f be n(12). Let v = f - -87. What is the tens digit of v?
5
Suppose 0*m - 2839 = -3*m + 5*w, -5*w = -5*m + 4745. What is the hundreds digit of m?
9
Let m = 68 + -65. Suppose -m*d = -h + d + 164, 0 = -2*h + 4*d + 332. What is the units digit of h?
8
Let b(s) = -3*s**3 + 9*s + 10. What is the tens digit of b(-4)?
6
Suppose 0 = -i + 3, 5*l - 5128 = i + 5289. What is the tens digit of l?
8
Let q be (-177)/(-4) - (-9)/12. Suppose 0*s + 5*v = -3*s - q, -2*v = -2*s - 14. What is the units digit of (-25)/s*(-88)/(-10)?
2
Let j(o) = 65*o + 126. What is the hundreds digit of j(12)?
9
Let j(c) = c**3 + 25*c**2 - 30*c - 56. What is the units digit of j(-26)?
8
Suppose 106 = 6*i - i + 3*h, h = -4*i + 89. Suppose 0 = 2*x - i - 69. What is the units digit of x?
6
Suppose -5*s + 13 = 3. Suppose 2*r = s, -l - r = -3*l + 27. Suppose 2*v - 2*p - l = 0, 5*v - p - 37 = 3*p. What is the units digit of v?
9
Let g(x) = 10*x**3 + 2*x**2 - x. Let p = -1 + 5. Suppose -4*r + p*b - 3 = 5, 2*b - 5 = r. What is the tens digit of g(r)?
1
Let p(k) = 2*k**2 - 9*k - 9. Let n be p(7). Let s = n - -39. Suppose -4*g - g + s = 0. What is the tens digit of g?
1
Let n = -119 - -216. Suppose -7*x + 43 = -n. What is the tens digit of x?
2
Suppose -7*y + 2*w = -3*y + 10, 3*w - 15 = -4*y. Suppose -26*z + 28*z - 348 = y. What is the tens digit of z?
7
Suppose 4*d - 4*a = 474 + 58, -397 = -3*d + 2*a. What is the tens digit of d?
3
Suppose -2*i = -6*i - 484. Let z = -79 - i. What is the units digit of z?
2
Let w be 76/(-133) - (-176)/14. Suppose -w*g - 732 = -16*g. What is the tens digit of g?
8
Suppose 3*r - 2157 = -4*i, -253 = 5*i - 5*r - 2958. What is the units digit of i?
0
Suppose 4*m = -2*c, 2*m = -2*m + 4*c + 24. What is the units digit of 1/((4/(-94))/(m - 4))?
7
Let t(m) = -171*m + 32. Let z(r) = 114*r - 21. Let o(d) = -5*t(d) - 8*z(d). What is the hundreds digit of o(-2)?
1
Suppose -4*c = -g + 46, 0*g + 87 = 2*g - 3*c. Suppose -2*l = -l - g. What is the units digit of l?
2
Let c = -82 + 72. What is the tens digit of 1368/45 - (-4)/c?
3
What is the units digit of 35/14 + (-2)/4 + 375?
7
Let u = 201 + -92. Suppose -9*n + 233 = -u. What is the units digit of n?
8
Let d(w) = -4*w**3 + 2*w**2 - 9*w + 13. What is the units digit of d(-6)?
3
Let c = -35 - -324. What is the hundreds digit of c?
2
Let v be (3/2)/((-2)/(-4)). Suppose 5*s - 264 = -v*w, -w + 2*w = -2. What is the tens digit of s?
5
Suppose -5*i + 3*w - 140 = -2*w, -116 = 4*i - 2*w. Let f be (i/7)/((-6)